37?
False
Does 21 divide 42882?
True
Is 24 a factor of 71688?
True
Is 1660967 a multiple of 40?
False
Does 9 divide 345580?
False
Is 13 a factor of 561600?
True
Does 89 divide 2364463?
True
Is 1746193 a multiple of 16?
False
Does 459 divide 207491?
False
Does 9 divide 5706423?
True
Does 390 divide 226800?
False
Is 102 a factor of 2476865?
False
Is 3140460 a multiple of 876?
True
Is 9 a factor of 1120390?
False
Is 352 a factor of 2106016?
True
Does 6 divide 365742?
True
Is 13 a factor of 714727?
True
Is 6305148 a multiple of 711?
True
Does 229 divide 152056?
True
Is 8 a factor of 379960?
True
Does 72 divide 9485200?
False
Does 624 divide 6563232?
True
Does 266 divide 670097?
False
Does 23 divide 6430432?
True
Is 26 a factor of 25817?
False
Does 70 divide 345497?
False
Is 109 a factor of 7760454?
False
Is 24444663 a multiple of 1552?
False
Is 394255 a multiple of 534?
False
Is 29 a factor of 1038525?
False
Is 53 a factor of 535512?
True
Does 68 divide 132718?
False
Is 117 a factor of 27191128?
False
Is 844 a factor of 6082708?
True
Does 7 divide 235004?
True
Does 72 divide 586368?
True
Is 79 a factor of 4061704?
False
Is 262601 a multiple of 78?
False
Is 58 a factor of 8669782?
True
Is 42 a factor of 565080?
False
Does 23 divide 168406?
True
Is 22 a factor of 453339?
False
Is 512268 a multiple of 63?
False
Is 19118 a multiple of 11?
True
Does 1023 divide 754823?
False
Is 148 a factor of 384060?
True
Is 666360 a multiple of 29?
False
Is 341839 a multiple of 587?
False
Does 19 divide 6979745?
True
Is 845293 a multiple of 78?
False
Is 892353 a multiple of 11?
True
Does 564 divide 20816098?
False
Is 2025484 a multiple of 346?
True
Is 17 a factor of 1386180?
True
Does 97 divide 7197131?
False
Is 53 a factor of 435745?
False
Is 135 a factor of 7560?
True
Does 22 divide 59334?
True
Is 3343000 a multiple of 40?
True
Is 837237 a multiple of 32?
False
Does 250 divide 1950500?
True
Is 78 a factor of 5693220?
True
Is 1565584 a multiple of 58?
False
Does 3 divide 726804?
True
Does 160 divide 425440?
True
Does 92 divide 5718904?
True
Is 324756 a multiple of 62?
True
Is 7 a factor of 1428232?
False
Does 43 divide 1693727?
True
Is 86540 a multiple of 4?
True
Is 753 a factor of 7424580?
True
Is 19 a factor of 29904?
False
Is 79429 a multiple of 137?
False
Is 13 a factor of 809580?
False
Does 829 divide 2452777?
False
Is 81478 a multiple of 51?
False
Does 37 divide 2096117?
False
Does 27 divide 442746?
True
Does 15 divide 196982?
False
Is 28 a factor of 21061906?
False
Does 10 divide 100705?
False
Is 6 a factor of 4958?
False
Is 6 a factor of 1729793?
False
Is 1970544 a multiple of 48?
True
Does 785 divide 2320460?
True
Is 12138113 a multiple of 15?
False
Is 72355 a multiple of 42?
False
Does 3 divide 181679?
False
Is 303 a factor of 123501?
False
Is 6233789 a multiple of 26?
False
Is 8 a factor of 101456?
True
Is 180623 a multiple of 7?
False
Does 113 divide 1079941?
True
Does 4 divide 118796?
True
Is 20 a factor of 110100?
True
Is 731972 a multiple of 41?
False
Is 868109 a multiple of 166?
False
Does 13 divide 278187?
True
Is 22 a factor of 1547063?
False
Is 15 a factor of 1287495?
True
Is 945 a factor of 1919171?
False
Is 216 a factor of 345384?
True
Is 214835 a multiple of 57?
False
Is 150798 a multiple of 69?
False
Is 1962836 a multiple of 283?
False
Does 21 divide 553066?
False
Is 11 a factor of 584133?
True
Does 47 divide 79278?
False
Is 162702 a multiple of 23?
True
Is 50674 a multiple of 5?
False
Is 23028068 a multiple of 13?
False
Does 345 divide 1304790?
True
Is 52 a factor of 1391435?
False
Is 647690 a multiple of 1430?
False
Is 10 a factor of 13130724?
False
Is 1798720 a multiple of 35?
True
Is 181135 a multiple of 5?
True
Does 15 divide 41730675?
True
Does 27 divide 20844?
True
Is 20 a factor of 100800?
True
Does 14 divide 4624669?
False
Does 53 divide 92691?
False
Is 407484 a multiple of 49?
True
Is 19032 a multiple of 52?
True
Is 241604 a multiple of 44?
True
Does 155 divide 6205270?
True
Is 164145 a multiple of 782?
False
Does 16 divide 4232?
False
Does 19 divide 5238756?
True
Is 110670 a multiple of 34?
True
Does 29 divide 1296944?
False
Is 27 a factor of 18441?
True
Does 33 divide 504075?
True
Does 1077 divide 1370980?
False
Does 333 divide 145854?
True
Does 10 divide 1916294?
False
Is 10 a factor of 2478?
False
Does 121 divide 279026?
True
Is 71128 a multiple of 39?
False
Does 13 divide 336622?
True
Does 34 divide 3606159?
False
Is 18 a factor of 35719?
False
Is 70871 a multiple of 6?
False
Does 22 divide 316492?
True
Does 30 divide 1983810?
True
Is 16 a factor of 151791?
False
Is 87738 a multiple of 7?
True
Is 1598400 a multiple of 592?
True
Is 6 a factor of 70405?
False
Is 288456 a multiple of 238?
True
Is 442 a factor of 416124?
False
Does 11 divide 601865?
True
Does 15 divide 51720?
True
Is 128 a factor of 11638918?
False
Does 33 divide 546810?
True
Does 44 divide 1610525?
False
Is 1166 a factor of 9746020?
False
Is 5 a factor of 3757246?
False
Is 599230 a multiple of 62?
True
Is 158 a factor of 876900?
True
Does 24 divide 978216?
True
Does 5 divide 36016?
False
Is 537 a factor of 781335?
True
Does 7 divide 378728?
True
Is 5 a factor of 23490?
True
Does 25 divide 7708419?
False
Is 9225918 a multiple of 9?
True
Is 2 a factor of 4810?
True
Is 13 a factor of 12090?
True
Is 389176 a multiple of 27?
False
Is 367903 a multiple of 687?
False
Is 106 a factor of 23956?
True
Is 12 a factor of 959676?
True
Is 188564 a multiple of 576?
False
Is 1014194 a multiple of 27?
False
Is 270421 a multiple of 6?
False
Is 334607 a multiple of 28?
False
Does 10 divide 3439150?
True
Is 9 a factor of 2121084?
True
Does 153 divide 182529?
True
Is 890192 a multiple of 806?
False
Does 758 divide 752694?
True
Is 17 a factor of 147464?
False
Does 92 divide 6808084?
False
Is 253170 a multiple of 290?
True
Is 10422579 a multiple of 1159?
False
Is 1064943 a multiple of 208?
False
Is 1901900 a multiple of 209?
True
Is 2 a factor of 302364?
True
Is 18 a factor of 47168?
False
Is 139940 a multiple of 77?
False
Is 25 a factor of 581975?
True
Is 677042 a multiple of 160?
False
Does 8 divide 19576?
True
Is 13467 a multiple of 105?
False
Does 63 divide 482763?
False
Does 28 divide 133842?
False
Is 13 a factor of 489879?
True
Is 2614808 a multiple of 574?
False
Does 224 divide 369152?
True
Is 3317070 a multiple of 470?
False
Does 3 divide 2723108?
False
Does 1827 divide 5933829?
False
Is 38676 a multiple of 65?
False
Does 4 divide 141474?
False
Does 31 divide 5804358?
False
Is 92358 a multiple of 42?
True
Does 107 divide 1636467?
False
Does 487 divide 189202?
False
Does 29 divide 7072317?
True
Is 16 a factor of 3442528?
True
Does 166 divide 27117?
False
Is 64 a factor of 634394?
False
Is 639464 a multiple of 82?
False
Does 4 divide 30004?
True
Does 44 divide 1111044?
True
Is 232249 a multiple of 196?
False
Is 1561756 a multiple of 111?
False
Does 118 divide 16566138?
True
Does 14 divide 199388?
True
Is 41641 a multiple of 280?
False
Does 16 divide 839706?
False
Does 16 divide 8048?
True
Is 144900 a multiple of 69?
True
Does 108 divide 109449?
False
Is 13458 a multiple of 47?
False
Is 15 a factor of 8818365?
True
Is 10 a factor of 4441894?
False
Is 269 a factor of 1158187?
False
Is 226800 a multiple of 300?
True
Is 189459 a multiple of 34?
False
Does 69 divide 4256?
False
Is 37 a factor of 32706?
False
Is 135 a factor of 5258539?
False
Does 17 divide 29645?
False
Is 5524779 a multiple of 663?
True
Is 16260605 a multiple of 217?
False
Does 82 divide 1729790?
True
Does 334 divide 29950?
False
Is 45 a factor of 225090?
True
Is 18126 a multiple of 9?
True
Is 9370759 a multiple of 2323?
False
Is 1209 a factor of 18214794?
True
Is 2 a factor of 1294539?
False
Is 649700 a multiple of 50?
True
Is 299 a factor of 515682?
False
Does 811 divide 7791454?
False
Does 32 divide 863936?
True
Is 27154064 a multiple of 56?
True
Does 19 divide 9739575?
False
Does 125 divide 3231125?
True
Is 5 a factor of 27445?
True
Is 296875 a multiple of 25?
True
Does 273 divide 544008?
False
Is 2983464 a multiple of 22?
True
Is 827 a factor of 2193242?
False
Is 5379133 a multiple of 89?
False
Does 4 divide 262795?
False
Does 31 divide 1174863?
False
Does 11 divide 44671?
True
Does 208 divide 167913?
False
Is 